 = 2*x - 158, -12*x - 6*x = c + 13. What is the remainder when 3372 is divided by c?
10
Let h = 9528 - 9477. Calculate the remainder when 542 is divided by h.
32
Suppose -5*j + 1715 = -40*t + 35*t, -5*t - 3*j = 1675. Let i = t + 386. Calculate the remainder when i is divided by 1*(9 + -1 - 1).
6
Suppose 3*u - 15 = -0*u + l, 0 = 5*u + 2*l - 25. Suppose -3*k = -2*j + j + 2, -3*j + 6 = k. What is the remainder when 8 is divided by (j - u) + 1 - 5*-1?
2
Calculate the remainder when 43 is divided by (14 - 16 - 1)/(3/(-20)).
3
Let b(p) = p**3 + 45*p**2 - 93*p + 174. Calculate the remainder when 1523 is divided by b(-47).
126
Suppose -3*v - 5*b + 1426 = 0, -9*v + 6*v + 1482 = -3*b. Calculate the remainder when v is divided by 462.
25
Suppose 0 = -13*q - 4*q + 442. Suppose -249 - 63 = -q*r. What is the remainder when 705 is divided by r?
9
Let x = -131 - -140. Suppose -4*k - 5*d - 140 = -x*k, 0 = -d + 1. Suppose 7*f - 34 = k. Calculate the remainder when 105 is divided by f.
6
Suppose -303 = 39*c - 821 - 457. Let o(d) be the first derivative of 11*d**3/3 + d**2/2 + d - 1. What is the remainder when o(2) is divided by c?
22
Suppose 4*s = -45 + 297. What is the remainder when 20600 is divided by s?
62
Suppose -23*a + 36*a + 471 - 2577 = 0. Calculate the remainder when 368 is divided by a.
44
Let j = 5845 + -5810. Calculate the remainder when 2795 is divided by j.
30
Let z(t) = -325*t + 3730. Calculate the remainder when z(-10) is divided by 24.
20
Suppose 76*x - 416*x = -30940. What is the remainder when 379 is divided by x?
15
Let a(m) = 9*m + 1338 + 1175 - 2348. What is the remainder when 282 is divided by a(-13)?
42
Let l = -2033 - -4598. What is the remainder when l is divided by 855?
0
Let o = 526 + -521. Suppose i + o = 8. What is the remainder when 74 is divided by i?
2
Let k be (-2)/(2/3) + (4 - 3). Let p be k/9 - 7/9. What is the remainder when 62 is divided by 35 - (p + -1 + 5)?
30
Calculate the remainder when ((-87)/27*1 - -3) + (-362380)/(-180) is divided by 48.
45
Let c = -88 + 94. Let p = 465 - 162. Suppose 13*z - 373 = p. Calculate the remainder when z is divided by c.
4
Let y = -54 + 86. Suppose j = -5*b + 249, 5*j + 12 - y = 0. What is the remainder when 96 is divided by b?
47
Let z(t) = -17*t + 36. Let r be z(11). Let k = r + 349. Suppose 2*b = 3*y - k, -3*y - b - 2*b + 183 = 0. Calculate the remainder when y is divided by 33.
31
Suppose 3*r = 4*a + 1457, 4*r + 29*a - 1956 = 31*a. Let o = -475 + r. What is the remainder when ((-31)/(-1) + -2)*1 is divided by o?
13
Let t = 241 - 108. Suppose -10*p = -455 - 5. Calculate the remainder when t is divided by p.
41
Calculate the remainder when 60*(2 + (-170)/90)*(-1248)/(-10) is divided by 60.
52
Let z(r) = -r**3 - 40*r**2 - 39*r + 128. Let l be z(-40). Suppose -748 = -29*n + l. Calculate the remainder when n is divided by 9.
3
Suppose 0*h + 3*h = -2*h. Let d(v) = h*v**3 + 9*v - 4*v**2 - 9*v**2 - v**3 + 4*v + 5. Calculate the remainder when 34 is divided by d(-14).
15
Let w(b) = -b**3 - 31*b**2 + 4*b - 21. What is the remainder when 2625 is divided by w(-32)?
0
Let u = -17 + 35. Suppose -16*k + u*k + 36 = 0. Let t = 29 + k. Calculate the remainder when 30 is divided by t.
8
Let d = 135 - 134. Let m(l) = 33*l**3 - 5*l**2 + 2. Calculate the remainder when 238 is divided by m(d).
28
Let i(l) = 21*l**2 + l + 4. Let o(m) = -m**2 + 33*m + 194. What is the remainder when i(-2) is divided by o(-4)?
40
Suppose f - 9 = -3*n, -4*n + 4 = f - 4. Suppose -f*i - 37 + 265 = 0. What is the remainder when 162 is divided by i?
10
Suppose 27*j = 23*j - 36. Calculate the remainder when 23 is divided by (-374)/(-33) + (-6)/j.
11
Let f = 22363 - 21452. Calculate the remainder when f is divided by 299.
14
Let b = 181 - 123. Suppose 0 = -17*x + 1629 + 2179. What is the remainder when x is divided by b?
50
Let i = -347 - -397. What is the remainder when (52/(-8))/((15/(-3))/i) is divided by 23?
19
Suppose 20 = -18*v + 22*v. Let l(m) = 2*m**3 - 8*m**2 + 3*m - 2. Suppose 0 = 4*n - 20, -4*f = -7*f - 4*n + 116. What is the remainder when l(v) is divided by f?
31
Let f(j) = j - 3. Suppose 358 = 6*k + 94. Suppose -34*r + 36*r = k. Calculate the remainder when r is divided by f(7).
2
Suppose 73*l - 47*l = 5408. Calculate the remainder when 825 is divided by l.
201
Suppose 128*k - 10896 - 16054 = 18*k. Calculate the remainder when k is divided by 31.
28
Suppose -h + 143 = p, 18 = -0*h + 3*h. What is the remainder when 195 is divided by p?
58
Let o = 2 + -4. Let c(z) = -z**2 - 7*z + 8. Calculate the remainder when 19*1/(o/(-10)) is divided by c(-6).
11
Let x(y) = y**2 - 3*y + 4. Let f be x(-1). Calculate the remainder when f/36 + ((-8391)/(-27) - 0) is divided by 26.
25
Let r(s) = -s**2 + 27*s - 113. Suppose 0 = 11*v - 302 + 115. Calculate the remainder when r(v) is divided by 5/(2/(-3) + 1).
12
Suppose -11*x = -33724 + 6917. Calculate the remainder when x is divided by 40.
37
Let z(x) = -x - 3. Let v be z(-3). Suppose -2*g = 2*c - 56, -3*g + 5*c = -v*g - 68. Calculate the remainder when g is divided by (-5203)/172 + 44 - (-2)/8.
12
Let l = -6 - 4. Let g(p) = p**3 + 9*p**2 + 3*p - 8. What is the remainder when g(-7) is divided by -1 + 368/14 - l/(-35)?
19
Let a(q) = -2*q**3 - 2*q**2 + q + 35. What is the remainder when a(0) is divided by -18*(0 - (-1 - -2))?
17
Suppose 0 = -50*a + 47*a - 6. Let x be (a + -1)*(-37)/37. Suppose x*l + 33 = 285. What is the remainder when l is divided by 22?
18
Suppose -76*x + 6106 = -658. What is the remainder when x is divided by 11?
1
Suppose 1021 + 4501 = -11*v. Let i = -476 - v. Calculate the remainder when 92 is divided by i.
14
Suppose 5*l - 5*v = -195, 2 = 2*v - 6. Let h be 184/10 + 14/l. Suppose 3*s - h = -12. Calculate the remainder when 4 is divided by s.
0
Let m(q) be the second derivative of -q**5/20 + 5*q**4/4 - q**3/3 - 11*q**2/2 + 54*q. Calculate the remainder when m(6) is divided by 38.
35
Suppose 213 = 3*w + 5*h, 0 = 38*w - 34*w - 4*h - 316. Calculate the remainder when 5319 is divided by w.
75
Let z(d) = -d**2 + 8*d + 5. Let u be -1 - (585 - 1) - -8. Let n = u + 581. Calculate the remainder when z(4) is divided by n.
1
Suppose 213 - 32 + 197 = 14*m. What is the remainder when 1612 is divided by m?
19
Suppose 0*s = 5*n - 2*s + 8, 0 = -n + 3*s - 12. Suppose n = 11*d - 216 - 26. What is the remainder when 64 is divided by d?
20
Let k(u) be the first derivative of -u**3/3 + 7*u**2/2 - u - 1. Let a be ((-63)/14)/(-4 + 13/4). Calculate the remainder when 17 is divided by k(a).
2
Let o = -20813 - -24221. Calculate the remainder when o is divided by 32.
16
What is the remainder when -10*(-2987)/(-58)*12/(-10) is divided by 34?
6
Calculate the remainder when (5 - (-4315)/10) + (2 - (-9)/(-6)) is divided by 9.
5
Let z(k) = 2*k**2 + 94*k + 747. Let t be z(-37). Let x(a) = 4 + a**2 - 4*a + 10 - 2*a. Calculate the remainder when 38 is divided by x(t).
17
Suppose 80 = -6*g + 1232. Let k = -181 + g. Calculate the remainder when 31 is divided by k.
9
Suppose 728 = 93*o + 11*o. What is the remainder when (-5)/(-25) + (-78)/(-10) is divided by o?
1
Let m(r) = r**3 + 11*r**2 - 15*r - 92. Calculate the remainder when 840 is divided by m(-5).
42
Let s(h) = h**2 + h - 30. Let t be s(-6). Suppose f - r - 18 = t, -r + 2 = 1. Let w(y) = y**2 + 7*y - 3. Calculate the remainder when w(6) is divided by f.
18
Let k = -81 + 136. What is the remainder when k is divided by 2/(-2)*4/(-20) - (-6104)/280?
11
Suppose 0 = 3*i - 3*g - 408, -4*i = 5*g - 124 - 375. Let l = -139 + i. What is the remainder when 151 is divided by (-204)/l*(-14)/(-21)?
15
Let b = -39 + -58. Let d(x) = 2*x**3 + 5*x**2 + x + 2. Let j be d(-4). Let r = j - b. Calculate the remainder when r is divided by 24.
23
Let n(g) = g**2 + 138*g + 3123. What is the remainder when 1492 is divided by n(-110)?
30
Suppose -g = -0 - 2. Suppose -2*c = g*c - 64. Suppose 38*k + 260 - 5580 = 0. What is the remainder when k is divided by c?
12
Let i(n) = n**3 + 26*n**2 + 23*n - 48. Let l be i(-25). What is the remainder when 25 - 0 - 12/l is divided by 10?
9
Let n be 19/4 - (28/16)/(-7). Let w be -5*((-20)/n - -5). Let s(r) = r**2 + 2*r - 4. What is the remainder when 18 is divided by s(w)?
7
Let k(q) be the first derivative of q**3/3 - 6*q**2 - 14*q + 37. C